7 is divided by y(-3).
33
Let n be (-236)/(-28) - 4 - 8/(-14). Let b be 8/(-10) + 19/n. Calculate the remainder when 46 is divided by (b/5 - 1) + 336/40.
6
Let b be 58/3 - (-2)/(-6). Suppose b*p - 275 = 8*p. What is the remainder when p is divided by 7?
4
Let f(d) = -d + 3. Let g(o) = o**3 - 8*o**2 - 2*o + 18. Let w be g(8). What is the remainder when ((-27)/(-81))/(w/90) is divided by f(-4)?
1
Let c = 1669 + -1655. Calculate the remainder when 25 is divided by c.
11
Let d = 501 - 396. Suppose 25 = 106*s - d*s. What is the remainder when s is divided by 14?
11
Let v(x) = 21*x + 5 + 21*x - x + 4. Suppose -3*i - 148 = -4*i + 4*f, 5*f = -4*i + 592. Calculate the remainder when i is divided by v(1).
48
What is the remainder when 3096 is divided by (-7)/(14/(-248))*(-10 - 22/(-2))?
120
Suppose 6*s - s = 460. Let u = s + -88. Suppose -2*x - x = y - 52, u*x - y = 74. Calculate the remainder when 71 is divided by x.
17
Suppose 5*h + c - 1464 - 4636 = 0, -4*h = -c - 4880. What is the remainder when h is divided by 403?
11
Let p = 458 - 455. Let s(t) = 15*t**2 + 24*t - 68. What is the remainder when s(p) is divided by 10?
9
Suppose 0 = -1854*a + 1818*a + 6912. What is the remainder when a is divided by 53?
33
Suppose -4*f - 568 = -0*p - 5*p, p - 119 = -f. Let h(i) = -i**3 + 18*i**2 + 75*i - 240. What is the remainder when p is divided by h(21)?
8
Let v(q) = q**3 - 6*q**2 - 17*q + 15. Let a(o) = o**2 - 6*o - 4. Let r be a(7). Let z be r - (-8 + 4) - -1. What is the remainder when 33 is divided by v(z)?
5
Let f = 53 + -24. Let x(p) = -p - 1. Let m be x(-7). Calculate the remainder when f is divided by m + ((-2)/(-5) - (-8)/5).
5
Let p = 252 - 392. Let u = p - -189. Calculate the remainder when 92 is divided by u.
43
Suppose 229 = 33*g - 801 - 983. What is the remainder when 4816 is divided by g?
58
Let d be (-5)/(10/(-328))*1. Let z = d - 130. Calculate the remainder when z is divided by 20.
14
Suppose 5*l - 3*k - 262 = -k, -3*l = k - 155. Let g = l + -50. Suppose -3*f = 4*h - 63, 31*h + 3*f - 81 = 26*h. What is the remainder when h is divided by g?
0
Suppose 0 = k + 4*i - 22, 2*i = 5*k - 2*i - 62. Suppose 11*c = 13*c - k. Calculate the remainder when 59 is divided by c.
3
Let j = -553 - 22. Let u = 670 + j. Calculate the remainder when u is divided by 27.
14
Suppose 18*u - 118 - 98 = 0. Suppose u*y + 41 = 13*y. What is the remainder when 62 is divided by y?
21
Let r = 56 - 27. Suppose r*b = 420 + 3060. What is the remainder when b is divided by 39?
3
Let k be (11 + -9)/((-2)/(-36)). Let i be k/45*(-2)/4*-5. What is the remainder when 80 is divided by 1/(3 + -4 + i)*21?
17
Suppose -38195 + 2449 = -41*y + 33872. Calculate the remainder when y is divided by 71.
65
Suppose -419*u = -435*u + 1872. What is the remainder when u is divided by 30?
27
Calculate the remainder when 4/70 + (-78660)/(-1575) is divided by 1.
0
Suppose -102 = -0*s - 6*s. Suppose -2*l = -5*j, 4*j = 5*l - 0*j + s. Let z(k) = -k + 13. Calculate the remainder when 69 is divided by z(l).
15
Let t = 3601 - 3455. Calculate the remainder when t is divided by 86.
60
Suppose -3*o + 54 = -0*w + 3*w, o = -3*w + 24. Calculate the remainder when o is divided by ((-2)/(-3))/(2/15).
0
Suppose 41*y - 1155 + 417 = 0. Let g be 15/4 - (-4)/16. What is the remainder when y is divided by g/(-14) - 158/(-14)?
7
Suppose 0 = -2*i - 21*r + 18*r + 172, 3*r = 4*i - 398. Calculate the remainder when i is divided by 26.
17
Suppose -2*w + 5*w + 258 = 2*b, -4*w + 476 = 4*b. Suppose 0 = 2*m - 87 - b. Let j = m + -100. What is the remainder when 54 is divided by j?
4
Let u(w) = w**3 + 6*w**2 - 20*w - 4. Calculate the remainder when u(-5) is divided by 29.
5
Let f = 11497 + -11448. What is the remainder when 77 is divided by f?
28
Suppose -289*i = -14489 - 1117. Calculate the remainder when 1559 is divided by i.
47
Let z(f) = -7*f**2 + 107*f - 18. What is the remainder when 516 is divided by z(12)?
0
Suppose -4*b + 2 = -3*b - 2*i, -5*b = -4*i - 4. Suppose b = 18*h - 6*h - 324. Calculate the remainder when 45 is divided by h.
18
Suppose 0 = 75*h - 3076 - 3974. What is the remainder when h is divided by 24?
22
Suppose -2*a = -5*a + 96. Let b = -576 - -572. Calculate the remainder when 2/b*(-288 + -28) is divided by a.
30
Let j(c) = c**2 - 10*c + 10. Let m be j(18). Calculate the remainder when (m/(-21) - -7)*-261 is divided by (-2)/(-5) + (-436)/(-10).
43
Calculate the remainder when 203 is divided by (-8 - (-924)/49)*(2 - -5).
51
What is the remainder when 942 is divided by 3/(-2)*(-42 - -40)?
0
Suppose a - 4 = -0. Suppose -131 = 8*y - 147. Suppose a*n - 21 = -y*f + 61, 4*n = 12. What is the remainder when f is divided by 12?
11
Let j = 7189 - 6164. Calculate the remainder when j is divided by 48.
17
Suppose -2*z = -3*z + 400. Let i = z - 262. Let x(v) = -2*v**3 - 2*v**2 - 5*v - 4. What is the remainder when i is divided by x(-3)?
44
Suppose 6*u = -9*u + 2*u + 10205. Calculate the remainder when u is divided by 71.
4
Suppose 35*r - 616 = 7119. Calculate the remainder when r is divided by 15.
11
Let c be (-1 - -1) + -3 - -391. Suppose 386*z = c*z - 328. What is the remainder when z is divided by 14?
10
Let c = 1195 + -1161. Suppose -25 = 4*m - 9*m. Suppose 38 + 462 = m*h. What is the remainder when h is divided by c?
32
Let v = -205 + 217. Suppose v*z + 0*z - 264 = 0. Let s = -4 - -8. What is the remainder when z is divided by s?
2
Let m(l) = -5*l**3 + 18*l + 6*l**3 + 21 + 23*l**2 - 4*l**2. Let i be m(-18). Let s = i + 34. Calculate the remainder when s is divided by 19.
17
Let l = 721 - 651. What is the remainder when l is divided by 117/6*-1*-2?
31
Let d(l) = -10*l + 233. Let f be d(51). Let b = 470 + f. Calculate the remainder when b is divided by 51.
40
Let u(i) = i**3 - 23*i**2 + 51*i - 144. What is the remainder when 208 is divided by u(21)?
28
Let t(j) = 7*j - 14. Let q be t(8). Suppose -37*h + q*h - 160 = 0. Suppose 5*a - 4*a - h = 0. What is the remainder when 95 is divided by a?
31
Let a(c) be the first derivative of c**3/3 - 5*c**2/2 - 50*c + 138. What is the remainder when a(-9) is divided by 13?
11
Let d(b) = -b**3 - 18*b**2 - 20*b - 26. What is the remainder when ((-2)/(-6))/(7/9429) is divided by d(-17)?
24
Let j = 354 - 334. Let v = 35 - 39. Calculate the remainder when (v - -2) + 101 + -1 is divided by j.
18
Let p = -1982 + 2354. What is the remainder when p is divided by 74?
2
Suppose 0 = 1262*c - 1255*c - 39424. Calculate the remainder when c is divided by 9.
7
Suppose 4*t + 3*q - 36 = 0, -2*t - 5*q = 21 - 39. What is the remainder when 189 is divided by t?
0
Suppose 2*y = 5*y + 10*y. Suppose 4*o + 15 - 51 = y. Calculate the remainder when 78 is divided by o.
6
Suppose -2*x + 28 = -38. Let r be -16*((-20)/16 + 1). Suppose 6*i - 4*i - 4*o = 144, -o = r. Calculate the remainder when i is divided by x.
31
Let m = -258 + 258. Suppose -18*u + 16*u + 132 = m. Calculate the remainder when 197 is divided by u.
65
Let f(o) = 10*o**2 + 3*o - 3. Let s be ((-3)/6)/(1/2) + -44. Let j = -34 - s. Calculate the remainder when f(2) is divided by j.
10
Suppose c = 3*r + 31, -5*c + 0*c + r = -169. Calculate the remainder when (-8)/(-20*2)*5050/10 is divided by c.
33
Suppose -3*g - 4*a = 2*g - 23727, 0 = -4*g - 5*a + 18969. Calculate the remainder when g is divided by 66.
65
Suppose -82*m - 1088 = -3*v - 81*m, 0 = -v - 4*m + 367. What is the remainder when v is divided by 65?
38
Suppose 6*r - 149 + 125 = 0. Suppose -4*h - 182 = -6*y + 5*y, -r*y + 3*h = -715. What is the remainder when y is divided by 49?
31
Let f(l) = 126*l - 1. Let h be f(-1). Let v = h - -236. Suppose 68*p + 192*p = -32*p + 8176. Calculate the remainder when v is divided by p.
25
Let z(i) = -i**3 + 6*i**2 + 2*i + 9. Let s be z(7). Let m = 23 - s. Suppose -m*c + 50*c - 99 = 0. What is the remainder when c is divided by 50?
49
Suppose 0 = -2*p + u + 525 - 114, 183 = p + 4*u. What is the remainder when p is divided by 32?
11
Let p be 37/(-2) + 7/14. Let k(i) = -i - 33. Let r be k(p). Let l = r + 44. What is the remainder when 113 is divided by l?
26
Let g be ((-3)/(6/4))/(-1). Suppose 4*n - g*n - 22 = 0. Let w(k) = 2*k**2 - 14*k - 23. What is the remainder when w(n) is divided by 17?
14
Let k(d) = 232*d - 1644. Calculate the remainder when 2967 is divid